{"id":112,"date":"2022-12-03T16:06:55","date_gmt":"2022-12-03T16:06:55","guid":{"rendered":"https:\/\/l-etang-de-biere.fr\/?page_id=112"},"modified":"2023-03-08T13:18:55","modified_gmt":"2023-03-08T13:18:55","slug":"le-bar","status":"publish","type":"page","link":"https:\/\/l-etang-de-biere.fr\/?page_id=112","title":{"rendered":"Le Bar"},"content":{"rendered":"\n\n[et_pb_section fb_built=\u00a0\u00bb1&Prime; _builder_version=\u00a0\u00bb4.17.4&Prime; _module_preset=\u00a0\u00bbdefault\u00a0\u00bb background_enable_image=\u00a0\u00bboff\u00a0\u00bb custom_padding=\u00a0\u00bb0px||0px|||\u00a0\u00bb global_colors_info=\u00a0\u00bb{}\u00a0\u00bb][et_pb_row _builder_version=\u00a0\u00bb4.17.4&Prime; _module_preset=\u00a0\u00bbdefault\u00a0\u00bb background_enable_color=\u00a0\u00bboff\u00a0\u00bb positioning=\u00a0\u00bbnone\u00a0\u00bb width=\u00a0\u00bb100%\u00a0\u00bb max_width=\u00a0\u00bb2560px\u00a0\u00bb min_height=\u00a0\u00bb32px\u00a0\u00bb custom_padding=\u00a0\u00bb0px||0px|||\u00a0\u00bb animation_style=\u00a0\u00bbslide\u00a0\u00bb animation_direction=\u00a0\u00bbtop\u00a0\u00bb sticky_position=\u00a0\u00bbtop\u00a0\u00bb global_colors_info=\u00a0\u00bb{}\u00a0\u00bb positioning__sticky_enabled=\u00a0\u00bboff|sticky\u00a0\u00bb position_origin_a__sticky_enabled=\u00a0\u00bboff|sticky\u00a0\u00bb position_origin_f__sticky_enabled=\u00a0\u00bboff|sticky\u00a0\u00bb position_origin_r__sticky_enabled=\u00a0\u00bboff|sticky\u00a0\u00bb position_origin_f__sticky=\u00a0\u00bbtop_center\u00a0\u00bb position_origin_a__sticky=\u00a0\u00bbtop_center\u00a0\u00bb][et_pb_column type=\u00a0\u00bb4_4&Prime; _builder_version=\u00a0\u00bb4.17.4&Prime; _module_preset=\u00a0\u00bbdefault\u00a0\u00bb global_colors_info=\u00a0\u00bb{}\u00a0\u00bb][et_pb_menu active_link_color=\u00a0\u00bb#FFFFFF\u00a0\u00bb dropdown_menu_line_color=\u00a0\u00bb#ff8314&Prime; dropdown_menu_text_color=\u00a0\u00bb#ffffff\u00a0\u00bb dropdown_menu_active_link_color=\u00a0\u00bb#ff8314&Prime; mobile_menu_bg_color=\u00a0\u00bb#343d44&Prime; mobile_menu_text_color=\u00a0\u00bb#FFFFFF\u00a0\u00bb logo=\u00a0\u00bbhttp:\/\/l-etang-de-biere.fr\/wp-content\/uploads\/2022\/12\/Etang-de-biere.png\u00a0\u00bb logo_url=\u00a0\u00bbhttps:\/\/l-etang-de-biere.fr\/\u00a0\u00bb logo_max_width=\u00a0\u00bb16%\u00a0\u00bb menu_icon_color=\u00a0\u00bb#FFFFFF\u00a0\u00bb logo_max_width_tablet=\u00a0\u00bb16%\u00a0\u00bb logo_max_width_phone=\u00a0\u00bb24%\u00a0\u00bb logo_max_width_last_edited=\u00a0\u00bbon|desktop\u00a0\u00bb disabled_on=\u00a0\u00bbon|off|off\u00a0\u00bb _builder_version=\u00a0\u00bb4.17.4&Prime; _module_preset=\u00a0\u00bbdefault\u00a0\u00bb menu_font=\u00a0\u00bbPompiere|||on|||||\u00a0\u00bb menu_text_color=\u00a0\u00bb#FFFFFF\u00a0\u00bb menu_font_size=\u00a0\u00bb23px\u00a0\u00bb background_color=\u00a0\u00bbrgba(52,61,68,0.69)\u00a0\u00bb text_orientation=\u00a0\u00bbright\u00a0\u00bb custom_margin=\u00a0\u00bb||-1px||false|false\u00a0\u00bb custom_padding=\u00a0\u00bb|25px|||false|false\u00a0\u00bb hover_enabled=\u00a0\u00bb0&Prime; menu_text_shadow_style=\u00a0\u00bbpreset1&Prime; border_color_all=\u00a0\u00bb#ff8314&Prime; border_width_bottom=\u00a0\u00bb2px\u00a0\u00bb global_colors_info=\u00a0\u00bb{}\u00a0\u00bb logo_max_width__hover_enabled=\u00a0\u00bbon|hover\u00a0\u00bb logo_max_width__hover=\u00a0\u00bb17%\u00a0\u00bb sticky_enabled=\u00a0\u00bb0&Prime;][\/et_pb_menu][et_pb_menu active_link_color=\u00a0\u00bb#FFFFFF\u00a0\u00bb dropdown_menu_line_color=\u00a0\u00bb#ff8314&Prime; dropdown_menu_text_color=\u00a0\u00bb#ffffff\u00a0\u00bb dropdown_menu_active_link_color=\u00a0\u00bb#ff8314&Prime; mobile_menu_bg_color=\u00a0\u00bb#343d44&Prime; mobile_menu_text_color=\u00a0\u00bb#FFFFFF\u00a0\u00bb logo=\u00a0\u00bbhttp:\/\/l-etang-de-biere.fr\/wp-content\/uploads\/2022\/12\/Etang-de-biere.png\u00a0\u00bb logo_url=\u00a0\u00bbhttps:\/\/l-etang-de-biere.fr\/\u00a0\u00bb logo_max_width=\u00a0\u00bb16%\u00a0\u00bb menu_icon_color=\u00a0\u00bb#FFFFFF\u00a0\u00bb logo_max_width_tablet=\u00a0\u00bb16%\u00a0\u00bb logo_max_width_phone=\u00a0\u00bb24%\u00a0\u00bb logo_max_width_last_edited=\u00a0\u00bbon|phone\u00a0\u00bb disabled_on=\u00a0\u00bboff|on|on\u00a0\u00bb _builder_version=\u00a0\u00bb4.17.4&Prime; _module_preset=\u00a0\u00bbdefault\u00a0\u00bb menu_font=\u00a0\u00bbPompiere|||on|||||\u00a0\u00bb menu_text_color=\u00a0\u00bb#FFFFFF\u00a0\u00bb menu_font_size=\u00a0\u00bb23px\u00a0\u00bb background_color=\u00a0\u00bbrgba(52,61,68,0.69)\u00a0\u00bb text_orientation=\u00a0\u00bbright\u00a0\u00bb module_alignment=\u00a0\u00bbcenter\u00a0\u00bb custom_margin=\u00a0\u00bb||-5px||false|false\u00a0\u00bb hover_enabled=\u00a0\u00bb0&Prime; menu_text_shadow_style=\u00a0\u00bbpreset1&Prime; border_color_all=\u00a0\u00bb#ff8314&Prime; border_width_bottom=\u00a0\u00bb2px\u00a0\u00bb global_colors_info=\u00a0\u00bb{}\u00a0\u00bb sticky_enabled=\u00a0\u00bb0&Prime;][\/et_pb_menu][\/et_pb_column][\/et_pb_row][et_pb_row disabled_on=\u00a0\u00bboff|on|on\u00a0\u00bb _builder_version=\u00a0\u00bb4.17.4&Prime; _module_preset=\u00a0\u00bbdefault\u00a0\u00bb custom_margin=\u00a0\u00bb-91px||-27px||false|false\u00a0\u00bb animation_direction=\u00a0\u00bbtop\u00a0\u00bb sticky_position=\u00a0\u00bbtop_bottom\u00a0\u00bb motion_trigger_start=\u00a0\u00bbtop\u00a0\u00bb global_colors_info=\u00a0\u00bb{}\u00a0\u00bb overflow-y__sticky_enabled=\u00a0\u00bboff|sticky\u00a0\u00bb][et_pb_column type=\u00a0\u00bb4_4&Prime; _builder_version=\u00a0\u00bb4.17.4&Prime; _module_preset=\u00a0\u00bbdefault\u00a0\u00bb global_colors_info=\u00a0\u00bb{}\u00a0\u00bb][et_pb_text disabled_on=\u00a0\u00bboff|on|on\u00a0\u00bb _builder_version=\u00a0\u00bb4.17.4&Prime; _module_preset=\u00a0\u00bbdefault\u00a0\u00bb text_font=\u00a0\u00bbCaladea|700||on|||||\u00a0\u00bb text_text_color=\u00a0\u00bb#FFFFFF\u00a0\u00bb text_font_size=\u00a0\u00bb18px\u00a0\u00bb text_line_height=\u00a0\u00bb1em\u00a0\u00bb background_enable_color=\u00a0\u00bboff\u00a0\u00bb positioning=\u00a0\u00bbfixed\u00a0\u00bb position_origin_a=\u00a0\u00bbtop_center\u00a0\u00bb position_origin_f=\u00a0\u00bbtop_center\u00a0\u00bb text_orientation=\u00a0\u00bbcenter\u00a0\u00bb background_layout=\u00a0\u00bbdark\u00a0\u00bb width=\u00a0\u00bb100%\u00a0\u00bb max_width=\u00a0\u00bb50%\u00a0\u00bb overflow-x=\u00a0\u00bbvisible\u00a0\u00bb overflow-y=\u00a0\u00bbvisible\u00a0\u00bb custom_margin=\u00a0\u00bb25px||||false|false\u00a0\u00bb custom_padding=\u00a0\u00bb||||false|false\u00a0\u00bb animation_style=\u00a0\u00bbfade\u00a0\u00bb animation_delay=\u00a0\u00bb1550ms\u00a0\u00bb sticky_position=\u00a0\u00bbtop\u00a0\u00bb scroll_fade=\u00a0\u00bb23|55|55|100|0|100|100&Prime; global_colors_info=\u00a0\u00bb{}\u00a0\u00bb]<p style=\"text-align: center;\"><span style=\"color: #ffffff;\"><a href=\"https:\/\/l-etang-de-biere.fr\/\" style=\"color: #ffffff;\">L&rsquo;etang de bi\u00e8re<\/a><\/span><\/p>[\/et_pb_text][\/et_pb_column][\/et_pb_row][\/et_pb_section][et_pb_section fb_built=\u00a0\u00bb1&Prime; _builder_version=\u00a0\u00bb4.17.4&Prime; _module_preset=\u00a0\u00bbdefault\u00a0\u00bb custom_padding=\u00a0\u00bb5px||5px|||\u00a0\u00bb global_colors_info=\u00a0\u00bb{}\u00a0\u00bb][et_pb_row _builder_version=\u00a0\u00bb4.17.4&Prime; _module_preset=\u00a0\u00bbdefault\u00a0\u00bb width=\u00a0\u00bb100%\u00a0\u00bb max_width=\u00a0\u00bb2216px\u00a0\u00bb custom_padding=\u00a0\u00bb0px|||||\u00a0\u00bb global_colors_info=\u00a0\u00bb{}\u00a0\u00bb][et_pb_column type=\u00a0\u00bb4_4&Prime; _builder_version=\u00a0\u00bb4.17.4&Prime; _module_preset=\u00a0\u00bbdefault\u00a0\u00bb global_colors_info=\u00a0\u00bb{}\u00a0\u00bb][dsm_masonry_gallery gallery_ids=\u00a0\u00bb364,365,367,369&Prime; columns=\u00a0\u00bb4&Prime; gutter=\u00a0\u00bb0&Prime; use_zoom_on_hover=\u00a0\u00bbon\u00a0\u00bb disabled_on=\u00a0\u00bbon|off|off\u00a0\u00bb _builder_version=\u00a0\u00bb4.17.4&Prime; _module_preset=\u00a0\u00bbdefault\u00a0\u00bb custom_margin=\u00a0\u00bb-5px|||||\u00a0\u00bb global_colors_info=\u00a0\u00bb{}\u00a0\u00bb][\/dsm_masonry_gallery][dsm_masonry_gallery gallery_ids=\u00a0\u00bb364,369&Prime; columns=\u00a0\u00bb2&Prime; gutter=\u00a0\u00bb0&Prime; disabled_on=\u00a0\u00bboff|on|on\u00a0\u00bb _builder_version=\u00a0\u00bb4.17.4&Prime; _module_preset=\u00a0\u00bbdefault\u00a0\u00bb custom_margin=\u00a0\u00bb-5px|||||\u00a0\u00bb global_colors_info=\u00a0\u00bb{}\u00a0\u00bb][\/dsm_masonry_gallery][\/et_pb_column][\/et_pb_row][et_pb_row _builder_version=\u00a0\u00bb4.17.4&Prime; _module_preset=\u00a0\u00bbdefault\u00a0\u00bb width=\u00a0\u00bb92%\u00a0\u00bb custom_padding=\u00a0\u00bb4px||4px|||\u00a0\u00bb global_colors_info=\u00a0\u00bb{}\u00a0\u00bb][et_pb_column type=\u00a0\u00bb4_4&Prime; _builder_version=\u00a0\u00bb4.17.4&Prime; _module_preset=\u00a0\u00bbdefault\u00a0\u00bb global_colors_info=\u00a0\u00bb{}\u00a0\u00bb][et_pb_text _builder_version=\u00a0\u00bb4.17.4&Prime; _module_preset=\u00a0\u00bbdefault\u00a0\u00bb text_font=\u00a0\u00bbCaladea|700||on|||||\u00a0\u00bb text_text_color=\u00a0\u00bb#343d44&Prime; text_font_size=\u00a0\u00bb46px\u00a0\u00bb text_letter_spacing=\u00a0\u00bb1px\u00a0\u00bb text_line_height=\u00a0\u00bb1.3em\u00a0\u00bb header_font=\u00a0\u00bbMontserrat|600|||||||\u00a0\u00bb header_font_size=\u00a0\u00bb40px\u00a0\u00bb header_2_font=\u00a0\u00bbAsar|700|||||||\u00a0\u00bb header_3_font=\u00a0\u00bbAsar|700|||||||\u00a0\u00bb header_3_text_align=\u00a0\u00bbcenter\u00a0\u00bb header_3_font_size=\u00a0\u00bb29px\u00a0\u00bb header_3_letter_spacing=\u00a0\u00bb5px\u00a0\u00bb header_3_line_height=\u00a0\u00bb1.3em\u00a0\u00bb header_4_font=\u00a0\u00bbCaladea||||||||\u00a0\u00bb header_4_text_align=\u00a0\u00bbcenter\u00a0\u00bb header_4_font_size=\u00a0\u00bb31px\u00a0\u00bb header_4_line_height=\u00a0\u00bb1.3em\u00a0\u00bb text_orientation=\u00a0\u00bbcenter\u00a0\u00bb custom_margin=\u00a0\u00bb||23px|||\u00a0\u00bb hover_enabled=\u00a0\u00bb0&Prime; global_colors_info=\u00a0\u00bb{}\u00a0\u00bb sticky_enabled=\u00a0\u00bb0&Prime;]<h1>Le Bar<\/h1>[\/et_pb_text][et_pb_text _builder_version=\u00a0\u00bb4.17.4&Prime; _module_preset=\u00a0\u00bbdefault\u00a0\u00bb text_font=\u00a0\u00bbPompiere|700|||||||\u00a0\u00bb text_text_color=\u00a0\u00bb#343d44&Prime; text_font_size=\u00a0\u00bb26px\u00a0\u00bb text_line_height=\u00a0\u00bb1.4em\u00a0\u00bb hover_enabled=\u00a0\u00bb0&Prime; global_colors_info=\u00a0\u00bb{}\u00a0\u00bb sticky_enabled=\u00a0\u00bb0&Prime;]<p style=\"text-align: center;\"><span>Envie de passer un bon moment autour de bons produits ? Nous vous accueillons au bar pour d\u00e9guster nos bi\u00e8res et nos planches garnies de produits r\u00e9gionaux.<\/span><\/p>[\/et_pb_text][et_pb_divider color=\u00a0\u00bb#343d44&Prime; divider_weight=\u00a0\u00bb2px\u00a0\u00bb _builder_version=\u00a0\u00bb4.17.4&Prime; _module_preset=\u00a0\u00bbdefault\u00a0\u00bb custom_margin=\u00a0\u00bb||0px|||\u00a0\u00bb global_colors_info=\u00a0\u00bb{}\u00a0\u00bb][\/et_pb_divider][\/et_pb_column][\/et_pb_row][et_pb_row column_structure=\u00a0\u00bb1_3,2_3&Prime; use_custom_gutter=\u00a0\u00bbon\u00a0\u00bb gutter_width=\u00a0\u00bb1&Prime; _builder_version=\u00a0\u00bb4.17.4&Prime; _module_preset=\u00a0\u00bbdefault\u00a0\u00bb width=\u00a0\u00bb100%\u00a0\u00bb max_width=\u00a0\u00bb1312px\u00a0\u00bb global_colors_info=\u00a0\u00bb{}\u00a0\u00bb][et_pb_column type=\u00a0\u00bb1_3&Prime; _builder_version=\u00a0\u00bb4.17.4&Prime; _module_preset=\u00a0\u00bbdefault\u00a0\u00bb global_colors_info=\u00a0\u00bb{}\u00a0\u00bb][et_pb_image src=\u00a0\u00bbhttp:\/\/l-etang-de-biere.fr\/wp-content\/uploads\/2023\/01\/Bar-EDB.jpg\u00a0\u00bb title_text=\u00a0\u00bbBar EDB\u00a0\u00bb align=\u00a0\u00bbcenter\u00a0\u00bb _builder_version=\u00a0\u00bb4.17.4&Prime; _module_preset=\u00a0\u00bbdefault\u00a0\u00bb width=\u00a0\u00bb100%\u00a0\u00bb module_alignment=\u00a0\u00bbcenter\u00a0\u00bb custom_margin=\u00a0\u00bb|||1px||\u00a0\u00bb global_colors_info=\u00a0\u00bb{}\u00a0\u00bb][\/et_pb_image][\/et_pb_column][et_pb_column type=\u00a0\u00bb2_3&Prime; _builder_version=\u00a0\u00bb4.17.4&Prime; _module_preset=\u00a0\u00bbdefault\u00a0\u00bb global_colors_info=\u00a0\u00bb{}\u00a0\u00bb][et_pb_text _builder_version=\u00a0\u00bb4.17.4&Prime; _module_preset=\u00a0\u00bbdefault\u00a0\u00bb text_font=\u00a0\u00bbPompiere|700|||||||\u00a0\u00bb text_text_color=\u00a0\u00bb#343d44&Prime; text_font_size=\u00a0\u00bb26px\u00a0\u00bb text_line_height=\u00a0\u00bb1.4em\u00a0\u00bb custom_padding=\u00a0\u00bb27px|||||\u00a0\u00bb hover_enabled=\u00a0\u00bb0&Prime; global_colors_info=\u00a0\u00bb{}\u00a0\u00bb sticky_enabled=\u00a0\u00bb0&Prime;]<p style=\"text-align: center;\">L&rsquo;<span>\u00c9<\/span>tang de Bi\u00e8re est le lieu de rendez-vous parfait !<\/p>\n<div style=\"text-align: center;\">Que ce soit pour l&rsquo;afterwork, une soir\u00e9e concert, la rediffusion des \u00e9v\u00e9nements sportifs ou simplement appr\u00e9cier une bonne bi\u00e8re en famille ou entre amis, nous avons \u00e0 c\u0153ur de vous recevoir dans un lieu chaleureux et convivial.<\/div>[\/et_pb_text][\/et_pb_column][\/et_pb_row][\/et_pb_section]\n\n","protected":false},"excerpt":{"rendered":"<p>L&rsquo;etang de bi\u00e8re<div class=\"et_pb_module dsm_masonry_gallery dsm_masonry_gallery_0\">\n\t\t\t\t\n\t\t\t\t\n\t\t\t\t\n\t\t\t\t\n\t\t\t\t\n\t\t\t\t\n\t\t\t\t<div class=\"et_pb_module_inner\">\n\t\t\t\t\t<div class=\"dsm-gallery grid dsm_masonry_zoom_hover\" data-lightbox=\"false\" data-horizontalorder=\"true\">\n                <div class=\"grid-sizer\"><\/div><div class=\"gutter-sizer\"><\/div><div class=\"grid-item\">\n                    <div class=\"et_pb_image_wrap\">\n                        <img loading=\"lazy\" decoding=\"async\" src=\"https:\/\/l-etang-de-biere.fr\/wp-content\/uploads\/2022\/12\/Fromage.jpg\" title=\"Fromage\" alt=\"\" class=\"dsm-skip-lazyload\" srcset=\"https:\/\/l-etang-de-biere.fr\/wp-content\/uploads\/2022\/12\/Fromage.jpg 600w, https:\/\/l-etang-de-biere.fr\/wp-content\/uploads\/2022\/12\/Fromage-480x480.jpg 480w\" sizes=\"auto, (min-width: 0px) and (max-width: 480px) 480px, (min-width: 481px) 600px, 100vw\" width=\"600\" height=\"600\" \/>\n                        \n                    <\/div>\n                <\/div><div class=\"grid-item\">\n                    <div class=\"et_pb_image_wrap\">\n                        <img loading=\"lazy\" decoding=\"async\" src=\"https:\/\/l-etang-de-biere.fr\/wp-content\/uploads\/2022\/12\/Planche-aperitif.jpg\" title=\"Planche ap\u00e9ritif\" alt=\"\" class=\"dsm-skip-lazyload\" srcset=\"https:\/\/l-etang-de-biere.fr\/wp-content\/uploads\/2022\/12\/Planche-aperitif.jpg 600w, https:\/\/l-etang-de-biere.fr\/wp-content\/uploads\/2022\/12\/Planche-aperitif-480x480.jpg 480w\" sizes=\"auto, (min-width: 0px) and (max-width: 480px) 480px, (min-width: 481px) 600px, 100vw\" width=\"600\" height=\"600\" \/>\n                        \n                    <\/div>\n                <\/div><div class=\"grid-item\">\n                    <div class=\"et_pb_image_wrap\">\n                        <img loading=\"lazy\" decoding=\"async\" src=\"https:\/\/l-etang-de-biere.fr\/wp-content\/uploads\/2022\/12\/Service-a-biere.jpg\" title=\"Service \u00e0 bi\u00e8re\" alt=\"\" class=\"dsm-skip-lazyload\" srcset=\"https:\/\/l-etang-de-biere.fr\/wp-content\/uploads\/2022\/12\/Service-a-biere.jpg 600w, https:\/\/l-etang-de-biere.fr\/wp-content\/uploads\/2022\/12\/Service-a-biere-480x480.jpg 480w\" sizes=\"auto, (min-width: 0px) and (max-width: 480px) 480px, (min-width: 481px) 600px, 100vw\" width=\"600\" height=\"600\" \/>\n                        \n                    <\/div>\n                <\/div><div class=\"grid-item\">\n                    <div class=\"et_pb_image_wrap\">\n                        <img loading=\"lazy\" decoding=\"async\" src=\"https:\/\/l-etang-de-biere.fr\/wp-content\/uploads\/2022\/12\/Terrasse.jpg\" title=\"Terrasse\" alt=\"\" class=\"dsm-skip-lazyload\" srcset=\"https:\/\/l-etang-de-biere.fr\/wp-content\/uploads\/2022\/12\/Terrasse.jpg 600w, https:\/\/l-etang-de-biere.fr\/wp-content\/uploads\/2022\/12\/Terrasse-480x480.jpg 480w\" sizes=\"auto, (min-width: 0px) and (max-width: 480px) 480px, (min-width: 481px) 600px, 100vw\" width=\"600\" height=\"600\" \/>\n                        \n                    <\/div>\n                <\/div>\n             <\/div>\n\t\t\t\t<\/div>\n\t\t\t<\/div><div class=\"et_pb_module dsm_masonry_gallery dsm_masonry_gallery_1\">\n\t\t\t\t\n\t\t\t\t\n\t\t\t\t\n\t\t\t\t\n\t\t\t\t\n\t\t\t\t\n\t\t\t\t<div class=\"et_pb_module_inner\">\n\t\t\t\t\t<div class=\"dsm-gallery grid\" data-lightbox=\"false\" data-horizontalorder=\"true\">\n                <div class=\"grid-sizer\"><\/div><div class=\"gutter-sizer\"><\/div><div class=\"grid-item\">\n                    <div class=\"et_pb_image_wrap\">\n                        <img loading=\"lazy\" decoding=\"async\" src=\"https:\/\/l-etang-de-biere.fr\/wp-content\/uploads\/2022\/12\/Planche-aperitif.jpg\" title=\"Planche ap\u00e9ritif\" alt=\"\" class=\"dsm-skip-lazyload\" srcset=\"https:\/\/l-etang-de-biere.fr\/wp-content\/uploads\/2022\/12\/Planche-aperitif.jpg 600w, https:\/\/l-etang-de-biere.fr\/wp-content\/uploads\/2022\/12\/Planche-aperitif-480x480.jpg 480w\" sizes=\"auto, (min-width: 0px) and (max-width: 480px) 480px, (min-width: 481px) 600px, 100vw\" width=\"600\" height=\"600\" \/>\n                        \n                    <\/div>\n                <\/div><div class=\"grid-item\">\n                    <div class=\"et_pb_image_wrap\">\n                        <img loading=\"lazy\" decoding=\"async\" src=\"https:\/\/l-etang-de-biere.fr\/wp-content\/uploads\/2022\/12\/Terrasse.jpg\" title=\"Terrasse\" alt=\"\" class=\"dsm-skip-lazyload\" srcset=\"https:\/\/l-etang-de-biere.fr\/wp-content\/uploads\/2022\/12\/Terrasse.jpg 600w, https:\/\/l-etang-de-biere.fr\/wp-content\/uploads\/2022\/12\/Terrasse-480x480.jpg 480w\" sizes=\"auto, (min-width: 0px) and (max-width: 480px) 480px, (min-width: 481px) 600px, 100vw\" width=\"600\" height=\"600\" \/>\n                        \n                    <\/div>\n                <\/div>\n             <\/div>\n\t\t\t\t<\/div>\n\t\t\t<\/div>Le BarEnvie de passer un bon moment autour de bons produits ? Nous vous accueillons au bar pour d\u00e9guster nos bi\u00e8res et nos planches garnies de produits r\u00e9gionaux.L&rsquo;\u00c9tang de Bi\u00e8re est le lieu de rendez-vous parfait ! Que ce soit pour l&rsquo;afterwork, une soir\u00e9e concert, la rediffusion des \u00e9v\u00e9nements sportifs ou simplement appr\u00e9cier une bonne bi\u00e8re en famille ou entre amis, nous avons \u00e0 c\u0153ur de vous recevoir dans un lieu chaleureux et convivial.<\/p>\n","protected":false},"author":1,"featured_media":0,"parent":0,"menu_order":0,"comment_status":"closed","ping_status":"closed","template":"","meta":{"_et_pb_use_builder":"on","_et_pb_old_content":"","_et_gb_content_width":"","_monsterinsights_skip_tracking":false,"_monsterinsights_sitenote_active":false,"_monsterinsights_sitenote_note":"","_monsterinsights_sitenote_category":0,"footnotes":""},"class_list":["post-112","page","type-page","status-publish","hentry"],"yoast_head":"<!-- This site is optimized with the Yoast SEO plugin v27.3 - https:\/\/yoast.com\/product\/yoast-seo-wordpress\/ -->\n<title>Le Bar - L&#039;\u00c9tang de Bi\u00e8re<\/title>\n<meta name=\"description\" content=\"Envie de passer un bon moment autour de bons produits ? Nous vous accueillons au bar pour d\u00e9guster nos bi\u00e8res et nos planches garnies !\" \/>\n<meta name=\"robots\" content=\"index, follow, max-snippet:-1, max-image-preview:large, max-video-preview:-1\" \/>\n<link rel=\"canonical\" href=\"https:\/\/l-etang-de-biere.fr\/?page_id=112\" \/>\n<meta property=\"og:locale\" content=\"fr_FR\" \/>\n<meta property=\"og:type\" content=\"article\" \/>\n<meta property=\"og:title\" content=\"Le Bar - L&#039;\u00c9tang de Bi\u00e8re\" \/>\n<meta property=\"og:description\" content=\"Envie de passer un bon moment autour de bons produits ? Nous vous accueillons au bar pour d\u00e9guster nos bi\u00e8res et nos planches garnies !\" \/>\n<meta property=\"og:url\" content=\"https:\/\/l-etang-de-biere.fr\/?page_id=112\" \/>\n<meta property=\"og:site_name\" content=\"L&#039;\u00c9tang de Bi\u00e8re\" \/>\n<meta property=\"article:publisher\" content=\"https:\/\/www.facebook.com\/letangdebiere\" \/>\n<meta property=\"article:modified_time\" content=\"2023-03-08T13:18:55+00:00\" \/>\n<meta name=\"twitter:card\" content=\"summary_large_image\" \/>\n<meta name=\"twitter:label1\" content=\"Dur\u00e9e de lecture estim\u00e9e\" \/>\n\t<meta name=\"twitter:data1\" content=\"2 minutes\" \/>\n<script type=\"application\/ld+json\" class=\"yoast-schema-graph\">{\"@context\":\"https:\\\/\\\/schema.org\",\"@graph\":[{\"@type\":\"WebPage\",\"@id\":\"https:\\\/\\\/l-etang-de-biere.fr\\\/?page_id=112\",\"url\":\"https:\\\/\\\/l-etang-de-biere.fr\\\/?page_id=112\",\"name\":\"Le Bar - L&#039;\u00c9tang de Bi\u00e8re\",\"isPartOf\":{\"@id\":\"https:\\\/\\\/l-etang-de-biere.fr\\\/#website\"},\"datePublished\":\"2022-12-03T16:06:55+00:00\",\"dateModified\":\"2023-03-08T13:18:55+00:00\",\"description\":\"Envie de passer un bon moment autour de bons produits ? Nous vous accueillons au bar pour d\u00e9guster nos bi\u00e8res et nos planches garnies !\",\"breadcrumb\":{\"@id\":\"https:\\\/\\\/l-etang-de-biere.fr\\\/?page_id=112#breadcrumb\"},\"inLanguage\":\"fr-FR\",\"potentialAction\":[{\"@type\":\"ReadAction\",\"target\":[\"https:\\\/\\\/l-etang-de-biere.fr\\\/?page_id=112\"]}]},{\"@type\":\"BreadcrumbList\",\"@id\":\"https:\\\/\\\/l-etang-de-biere.fr\\\/?page_id=112#breadcrumb\",\"itemListElement\":[{\"@type\":\"ListItem\",\"position\":1,\"name\":\"Accueil\",\"item\":\"https:\\\/\\\/l-etang-de-biere.fr\\\/\"},{\"@type\":\"ListItem\",\"position\":2,\"name\":\"Le Bar\"}]},{\"@type\":\"WebSite\",\"@id\":\"https:\\\/\\\/l-etang-de-biere.fr\\\/#website\",\"url\":\"https:\\\/\\\/l-etang-de-biere.fr\\\/\",\"name\":\"L&#039;\u00c9tang de Bi\u00e8re\",\"description\":\"La bi\u00e8re de Saint Chamas\",\"publisher\":{\"@id\":\"https:\\\/\\\/l-etang-de-biere.fr\\\/#organization\"},\"potentialAction\":[{\"@type\":\"SearchAction\",\"target\":{\"@type\":\"EntryPoint\",\"urlTemplate\":\"https:\\\/\\\/l-etang-de-biere.fr\\\/?s={search_term_string}\"},\"query-input\":{\"@type\":\"PropertyValueSpecification\",\"valueRequired\":true,\"valueName\":\"search_term_string\"}}],\"inLanguage\":\"fr-FR\"},{\"@type\":\"Organization\",\"@id\":\"https:\\\/\\\/l-etang-de-biere.fr\\\/#organization\",\"name\":\"L etang de biere\",\"url\":\"https:\\\/\\\/l-etang-de-biere.fr\\\/\",\"logo\":{\"@type\":\"ImageObject\",\"inLanguage\":\"fr-FR\",\"@id\":\"https:\\\/\\\/l-etang-de-biere.fr\\\/#\\\/schema\\\/logo\\\/image\\\/\",\"url\":\"http:\\\/\\\/l-etang-de-biere.fr\\\/wp-content\\\/uploads\\\/2022\\\/12\\\/Logo-1.png\",\"contentUrl\":\"http:\\\/\\\/l-etang-de-biere.fr\\\/wp-content\\\/uploads\\\/2022\\\/12\\\/Logo-1.png\",\"width\":512,\"height\":512,\"caption\":\"L etang de biere\"},\"image\":{\"@id\":\"https:\\\/\\\/l-etang-de-biere.fr\\\/#\\\/schema\\\/logo\\\/image\\\/\"},\"sameAs\":[\"https:\\\/\\\/www.facebook.com\\\/letangdebiere\",\"https:\\\/\\\/www.instagram.com\\\/letangdebiere\\\/\"]}]}<\/script>\n<!-- \/ Yoast SEO plugin. -->","yoast_head_json":{"title":"Le Bar - L&#039;\u00c9tang de Bi\u00e8re","description":"Envie de passer un bon moment autour de bons produits ? Nous vous accueillons au bar pour d\u00e9guster nos bi\u00e8res et nos planches garnies !","robots":{"index":"index","follow":"follow","max-snippet":"max-snippet:-1","max-image-preview":"max-image-preview:large","max-video-preview":"max-video-preview:-1"},"canonical":"https:\/\/l-etang-de-biere.fr\/?page_id=112","og_locale":"fr_FR","og_type":"article","og_title":"Le Bar - L&#039;\u00c9tang de Bi\u00e8re","og_description":"Envie de passer un bon moment autour de bons produits ? Nous vous accueillons au bar pour d\u00e9guster nos bi\u00e8res et nos planches garnies !","og_url":"https:\/\/l-etang-de-biere.fr\/?page_id=112","og_site_name":"L&#039;\u00c9tang de Bi\u00e8re","article_publisher":"https:\/\/www.facebook.com\/letangdebiere","article_modified_time":"2023-03-08T13:18:55+00:00","twitter_card":"summary_large_image","twitter_misc":{"Dur\u00e9e de lecture estim\u00e9e":"2 minutes"},"schema":{"@context":"https:\/\/schema.org","@graph":[{"@type":"WebPage","@id":"https:\/\/l-etang-de-biere.fr\/?page_id=112","url":"https:\/\/l-etang-de-biere.fr\/?page_id=112","name":"Le Bar - L&#039;\u00c9tang de Bi\u00e8re","isPartOf":{"@id":"https:\/\/l-etang-de-biere.fr\/#website"},"datePublished":"2022-12-03T16:06:55+00:00","dateModified":"2023-03-08T13:18:55+00:00","description":"Envie de passer un bon moment autour de bons produits ? Nous vous accueillons au bar pour d\u00e9guster nos bi\u00e8res et nos planches garnies !","breadcrumb":{"@id":"https:\/\/l-etang-de-biere.fr\/?page_id=112#breadcrumb"},"inLanguage":"fr-FR","potentialAction":[{"@type":"ReadAction","target":["https:\/\/l-etang-de-biere.fr\/?page_id=112"]}]},{"@type":"BreadcrumbList","@id":"https:\/\/l-etang-de-biere.fr\/?page_id=112#breadcrumb","itemListElement":[{"@type":"ListItem","position":1,"name":"Accueil","item":"https:\/\/l-etang-de-biere.fr\/"},{"@type":"ListItem","position":2,"name":"Le Bar"}]},{"@type":"WebSite","@id":"https:\/\/l-etang-de-biere.fr\/#website","url":"https:\/\/l-etang-de-biere.fr\/","name":"L&#039;\u00c9tang de Bi\u00e8re","description":"La bi\u00e8re de Saint Chamas","publisher":{"@id":"https:\/\/l-etang-de-biere.fr\/#organization"},"potentialAction":[{"@type":"SearchAction","target":{"@type":"EntryPoint","urlTemplate":"https:\/\/l-etang-de-biere.fr\/?s={search_term_string}"},"query-input":{"@type":"PropertyValueSpecification","valueRequired":true,"valueName":"search_term_string"}}],"inLanguage":"fr-FR"},{"@type":"Organization","@id":"https:\/\/l-etang-de-biere.fr\/#organization","name":"L etang de biere","url":"https:\/\/l-etang-de-biere.fr\/","logo":{"@type":"ImageObject","inLanguage":"fr-FR","@id":"https:\/\/l-etang-de-biere.fr\/#\/schema\/logo\/image\/","url":"http:\/\/l-etang-de-biere.fr\/wp-content\/uploads\/2022\/12\/Logo-1.png","contentUrl":"http:\/\/l-etang-de-biere.fr\/wp-content\/uploads\/2022\/12\/Logo-1.png","width":512,"height":512,"caption":"L etang de biere"},"image":{"@id":"https:\/\/l-etang-de-biere.fr\/#\/schema\/logo\/image\/"},"sameAs":["https:\/\/www.facebook.com\/letangdebiere","https:\/\/www.instagram.com\/letangdebiere\/"]}]}},"_links":{"self":[{"href":"https:\/\/l-etang-de-biere.fr\/index.php?rest_route=\/wp\/v2\/pages\/112","targetHints":{"allow":["GET"]}}],"collection":[{"href":"https:\/\/l-etang-de-biere.fr\/index.php?rest_route=\/wp\/v2\/pages"}],"about":[{"href":"https:\/\/l-etang-de-biere.fr\/index.php?rest_route=\/wp\/v2\/types\/page"}],"author":[{"embeddable":true,"href":"https:\/\/l-etang-de-biere.fr\/index.php?rest_route=\/wp\/v2\/users\/1"}],"replies":[{"embeddable":true,"href":"https:\/\/l-etang-de-biere.fr\/index.php?rest_route=%2Fwp%2Fv2%2Fcomments&post=112"}],"version-history":[{"count":43,"href":"https:\/\/l-etang-de-biere.fr\/index.php?rest_route=\/wp\/v2\/pages\/112\/revisions"}],"predecessor-version":[{"id":1216,"href":"https:\/\/l-etang-de-biere.fr\/index.php?rest_route=\/wp\/v2\/pages\/112\/revisions\/1216"}],"wp:attachment":[{"href":"https:\/\/l-etang-de-biere.fr\/index.php?rest_route=%2Fwp%2Fv2%2Fmedia&parent=112"}],"curies":[{"name":"wp","href":"https:\/\/api.w.org\/{rel}","templated":true}]}}